{"id":51,"date":"2024-05-07T12:04:32","date_gmt":"2024-05-07T10:04:32","guid":{"rendered":"https:\/\/914e.de\/?page_id=51"},"modified":"2024-05-07T12:06:06","modified_gmt":"2024-05-07T10:06:06","slug":"impressum","status":"publish","type":"page","link":"https:\/\/914e.de\/?page_id=51","title":{"rendered":"Impressum"},"content":{"rendered":"\n<p><strong>Stiftung meistro gGmbH<\/strong>&nbsp;<br>N\u00fcrnberger Stra\u00dfe 58<br>85055 Ingolstadt<br>Deutschland \u202f<br><br>Telefon: 0841 65700-0<br>Telefax: 0841 65700-190<br>E-Mail: stiftung(at)meistro.de \u202f&nbsp;<br><br><strong>Vertretungsberechtigte Gesch\u00e4ftsf\u00fchrer:<\/strong><\/p>\n\n\n\n<p>Mike Frank, Stefan Neukam<br>Handelsregister B Ingolstadt<br>Registernummer HRB 7987<br>Steuer-Nr.: 124\/147\/01041<\/p>\n\n\n\n<p><strong>Inhaltlich Verantwortlicher gem. \u00a7 18 Abs. 2 MStV:<\/strong><br>Stefan Neukam<br>N\u00fcrnberger Stra\u00dfe 58<br>85055 Ingolstadt \u202f<\/p>\n\n\n\n<p>Bildquellen: \u00a9 @nt\/fotolia, fotolia.com, VOLTIMER GmbH, Stephan Raif, personal brands, Adobe Stock,\u202fmeistro GmbH, Stiftung meistro gGmbH \u202f&nbsp;<\/p>\n\n\n\n<p><strong>Copyright<\/strong><br>Alle Inhalte dieser Website sind urheberrechtlich gesch\u00fctzt. Jegliche Vervielf\u00e4ltigung, Bearbeitung, Verbreitung und jede Art der Verwertung bedarf der schriftlichen Zustimmung der Stiftung meistro gGmbH. Alle Rechte vorbehalten. \u00a92024<\/p>\n\n\n\n<p>Haftungsausschluss<\/p>\n\n\n\n<p>Die Stiftung meistro gGmbH bem\u00fcht sich um Richtigkeit und Aktualit\u00e4t aller Informationen auf dieser Website. Eine Gew\u00e4hr oder Haftung f\u00fcr die Richtigkeit und\/oder Aktualit\u00e4t ist jedoch ausgeschlossen. F\u00fcr Sch\u00e4den, die direkt oder indirekt aus der Verwendung dieser Informationen oder dieses Servers entstehen (einschlie\u00dflich entgangenen Gewinns), wird keine Haftung \u00fcbernommen. Trotz sorgf\u00e4ltiger inhaltlicher Kontrolle \u00fcbernehmen wir keine Haftung f\u00fcr die Inhalte externer Links. F\u00fcr den Inhalt der verlinkten Seiten sind ausschlie\u00dflich deren Betreiber verantwortlich.<\/p>\n\n\n\n<p><strong>Haftung f\u00fcr Inhalte<\/strong><br>Als Diensteanbieter sind wir gem\u00e4\u00df \u00a7 7 Abs.1 TMG f\u00fcr eigene Inhalte auf diesen Seiten nach den allgemeinen Gesetzen verantwortlich. Nach \u00a7\u00a7 8 bis 10 TMG sind wir als Diensteanbieter jedoch nicht verpflichtet, \u00fcbermittelte oder gespeicherte fremde Informationen zu \u00fcberwachen oder nach Umst\u00e4nden zu forschen, die auf eine rechtswidrige T\u00e4tigkeit hinweisen.<\/p>\n\n\n\n<p>Verpflichtungen zur Entfernung oder Sperrung der Nutzung von Informationen nach den allgemeinen Gesetzen bleiben hiervon unber\u00fchrt. Eine diesbez\u00fcgliche Haftung ist jedoch erst ab dem Zeitpunkt der Kenntnis einer konkreten Rechtsverletzung m\u00f6glich. Bei Bekanntwerden von entsprechenden Rechtsverletzungen werden wir diese Inhalte umgehend entfernen.<\/p>\n\n\n\n<p><strong>Haftung f\u00fcr Links<\/strong><br>Unser Angebot enth\u00e4lt Links zu externen Websites Dritter, auf deren Inhalte wir keinen Einfluss haben. Deshalb k\u00f6nnen wir f\u00fcr diese fremden Inhalte auch keine Gew\u00e4hr \u00fcbernehmen. F\u00fcr die Inhalte der verlinkten Seiten ist stets der jeweilige Anbieter oder Betreiber der Seiten verantwortlich. Die verlinkten Seiten wurden zum Zeitpunkt der Verlinkung auf m\u00f6gliche Rechtsverst\u00f6\u00dfe \u00fcberpr\u00fcft. Rechtswidrige Inhalte waren zum Zeitpunkt der Verlinkung nicht erkennbar.<\/p>\n\n\n\n<p>Eine permanente inhaltliche Kontrolle der verlinkten Seiten ist jedoch ohne konkrete Anhaltspunkte einer Rechtsverletzung nicht zumutbar. Bei Bekanntwerden von Rechtsverletzungen werden wir derartige Links umgehend entfernen.<\/p>\n\n\n\n<p><strong>Urheberrecht<\/strong><br>Die durch die Seitenbetreiber erstellten Inhalte und Werke auf diesen Seiten unterliegen dem deutschen Urheberrecht. Die Vervielf\u00e4ltigung, Bearbeitung, Verbreitung und jede Art der Verwertung au\u00dferhalb der Grenzen des Urheberrechtes bed\u00fcrfen der schriftlichen Zustimmung des jeweiligen Autors bzw. Erstellers. Downloads und Kopien dieser Seite sind nur f\u00fcr den privaten, nicht kommerziellen Gebrauch gestattet.<\/p>\n\n\n\n<p>Soweit die Inhalte auf dieser Seite nicht vom Betreiber erstellt wurden, werden die Urheberrechte Dritter beachtet. Insbesondere werden Inhalte Dritter als solche gekennzeichnet. Sollten Sie trotzdem auf eine Urheberrechtsverletzung aufmerksam werden, bitten wir um einen entsprechenden Hinweis. Bei Bekanntwerden von Rechtsverletzungen werden wir derartige Inhalte umgehend entfernen.<\/p>\n","protected":false},"excerpt":{"rendered":"<p>Stiftung meistro gGmbH&nbsp;N\u00fcrnberger Stra\u00dfe 5885055 IngolstadtDeutschland \u202f Telefon: 0841 65700-0Telefax: 0841 65700-190E-Mail: stiftung(at)meistro.de \u202f&nbsp; Vertretungsberechtigte Gesch\u00e4ftsf\u00fchrer: Mike Frank, Stefan NeukamHandelsregister B IngolstadtRegisternummer HRB 7987Steuer-Nr.: 124\/147\/01041 Inhaltlich Verantwortlicher gem. \u00a7 18 Abs. 2 MStV:Stefan NeukamN\u00fcrnberger Stra\u00dfe 5885055 Ingolstadt \u202f Bildquellen: \u00a9 @nt\/fotolia, fotolia.com, VOLTIMER GmbH, Stephan Raif, personal brands, Adobe Stock,\u202fmeistro GmbH, Stiftung meistro gGmbH \u202f&nbsp; &hellip; <\/p>\n<p class=\"link-more\"><a href=\"https:\/\/914e.de\/?page_id=51\" class=\"more-link\"><span class=\"screen-reader-text\">\u201eImpressum\u201c<\/span> weiterlesen<\/a><\/p>\n","protected":false},"author":1,"featured_media":0,"parent":21,"menu_order":0,"comment_status":"closed","ping_status":"closed","template":"","meta":{"footnotes":""},"class_list":["post-51","page","type-page","status-publish","hentry"],"_links":{"self":[{"href":"https:\/\/914e.de\/index.php?rest_route=\/wp\/v2\/pages\/51","targetHints":{"allow":["GET"]}}],"collection":[{"href":"https:\/\/914e.de\/index.php?rest_route=\/wp\/v2\/pages"}],"about":[{"href":"https:\/\/914e.de\/index.php?rest_route=\/wp\/v2\/types\/page"}],"author":[{"embeddable":true,"href":"https:\/\/914e.de\/index.php?rest_route=\/wp\/v2\/users\/1"}],"replies":[{"embeddable":true,"href":"https:\/\/914e.de\/index.php?rest_route=%2Fwp%2Fv2%2Fcomments&post=51"}],"version-history":[{"count":1,"href":"https:\/\/914e.de\/index.php?rest_route=\/wp\/v2\/pages\/51\/revisions"}],"predecessor-version":[{"id":52,"href":"https:\/\/914e.de\/index.php?rest_route=\/wp\/v2\/pages\/51\/revisions\/52"}],"up":[{"embeddable":true,"href":"https:\/\/914e.de\/index.php?rest_route=\/wp\/v2\/pages\/21"}],"wp:attachment":[{"href":"https:\/\/914e.de\/index.php?rest_route=%2Fwp%2Fv2%2Fmedia&parent=51"}],"curies":[{"name":"wp","href":"https:\/\/api.w.org\/{rel}","templated":true}]}}